{"id":2229,"date":"2018-07-08T03:16:09","date_gmt":"2018-07-08T03:16:09","guid":{"rendered":"http:\/\/tf.themedraft.com\/wp\/xzopro\/?page_id=31"},"modified":"2025-06-11T22:13:37","modified_gmt":"2025-06-11T22:13:37","slug":"sobre-nos","status":"publish","type":"page","link":"https:\/\/www.liorgest.pt\/index.php\/sobre-nos\/","title":{"rendered":"Sobre n\u00f3s"},"content":{"rendered":"<div class=\"wpb-content-wrapper\"><p>[vc_row equal_height=&#8221;yes&#8221; content_placement=&#8221;middle&#8221; css=&#8221;.vc_custom_1747403158732{margin-top: 70px !important;margin-bottom: 0px !important;padding-top: 0px !important;padding-bottom: 0px !important;}&#8221;][vc_column width=&#8221;1\/2&#8243;][vc_column_text css=&#8221;.vc_custom_1749660707058{margin-bottom: 100px !important;}&#8221;]<\/p>\n<p style=\"color: #27325c; font-size: 14px; font-weight: bold; margin-bottom: 10px;\"><em>Com mais de<\/em><\/p>\n<h2 style=\"color: #27325c; font-weight: bold; font-size: 26px; margin-top: 0;\">20 anos de experi\u00eancia<\/h2>\n<p style=\"margin-bottom: 20px;\">A Liorgest presta um servi\u00e7o de qualidade, com efici\u00eancia e discri\u00e7\u00e3o, que proporciona conforto e seguran\u00e7a a todos quantos vivem, trabalham ou frequentam os espa\u00e7os que administramos.<\/p>\n<p>Somos uma empresa especializada em gest\u00e3o de condom\u00ednios, residenciais e empresariais, que atua no Porto, Aveiro e Viseu. Tamb\u00e9m prestamos servi\u00e7os de administra\u00e7\u00e3o de propriedades e gest\u00e3o de arrendamentos a n\u00edvel Nacional.<\/p>\n<p>Visto serem \u00e1reas cada vez mais exigentes, atendendo \u00e0 legisla\u00e7\u00e3o que as regulamenta, recorrer a uma entidade externa de confian\u00e7a \u00e9, cada vez mais, o caminho natural.<\/p>\n<p>&nbsp;[\/vc_column_text]\n    \n        <div class=\"xzopro-button-wrapper text-left  vc_custom_1749680014400\">\n            <a href=\"https:\/\/www.liorgest.pt\/index.php\/proposta\/\" id=\"td-btn-884\" class=\"td-btn button-type-fill\">PE\u00c7A A SUA PROPOSTA<\/a>\n        <\/div>\n                    \n        \n        \n        <style>\n            #td-btn-884 {\n                color: #FFFFFF;\n            }\n            \n            #td-btn-884:hover {\n                color: #D8BB6C;\n            }\n                    #td-btn-884.button-type-fill{\n \n                        background: #D8BB6C;\n                        border-color: #D8BB6C;\n                    }\n                    \n                    #td-btn-884.button-type-fill:hover{\n \n                        background: #27325C;\n                        border-color: #27325C;  \n                    }\n                \n        <\/style>\n    [\/vc_column][vc_column width=&#8221;1\/2&#8243; css=&#8221;.vc_custom_1745255013005{margin-top: 0px !important;margin-right: 0px !important;margin-bottom: 0px !important;margin-left: 0px !important;}&#8221;][vc_single_image image=&#8221;2927&#8243; img_size=&#8221;500&#215;455&#8243; alignment=&#8221;center&#8221; css=&#8221;.vc_custom_1747736482934{margin-bottom: 0px !important;padding-top: 0px !important;padding-right: 0px !important;padding-bottom: 0px !important;padding-left: 0px !important;}&#8221;][\/vc_column][\/vc_row][vc_row full_width=&#8221;stretch_row&#8221; css=&#8221;.vc_custom_1749660885736{margin-top: 200px !important;padding-top: 80px !important;padding-bottom: 65px !important;background-color: #F7F7F7 !important;border-color: #FFFFFF !important;}&#8221;][vc_column]\n        <div class=\"twbi-wrapper vc_custom_1747403447879\">        \n            <div class=\"row\">        \n                    <div class=\"col-lg-6 col-md-6\">\n                        <div class=\"border-image-wrap img-left\">\n                            <div class=\"border-image-wrap-border\" style=\"background: #27325C\"><\/div>\n                            <img decoding=\"async\" src=\"https:\/\/www.liorgest.pt\/wp-content\/uploads\/2025\/04\/Imagem-Reuniao-530x355.jpg\" alt=\"\">\n                        <\/div>\n                    <\/div>\n                <div class=\"col-lg-6 col-md-6\">\n                    <div class=\"twbi-text\">\n                        <h1 style=\"color:#27325C\">Qualidade, transpar\u00eancia e efici\u00eancia<\/h1>\n                        A Liorgest tem ao seu servi\u00e7o uma equipa de profissionais, competente, empenhada e din\u00e2mica, apostando na forma\u00e7\u00e3o cont\u00ednua dos seus elementos de modo a poder atender, com seriedade, rigor e transpar\u00eancia, necessidades dos clientes mais exigentes.\n                    <\/div>\n                <\/div>\n            <\/div>\n        <\/div>\n    [\/vc_column][\/vc_row][vc_row css=&#8221;.vc_custom_1534588396610{padding-top: 90px !important;}&#8221;][vc_column]\n        <div class=\"section-title-wrapper \" style=\"color: #505050\">\n            <div class=\"row text-center\">\n                <div class=\"col-xl-6 offset-xl-3 col-lg-8 offset-lg-2 col-md-10 offset-md-1\">  \n                    <h2 class=\"section-title\" style=\"color:#27325C\">Saiba mais sobre os nossos servi\u00e7os<\/h2>\n                    <ul class=\"title-shape no-list-style text-center\">\n                        <li style=\"background: #27325C\"><\/li>\n                        <li style=\"background: #27325C\"><\/li>\n                        <li style=\"background: #27325C\"><\/li>\n                    <\/ul>\n                    <p>A Liorgest assegura todos os servi\u00e7os necess\u00e1rios \u00e0 gest\u00e3o e administra\u00e7\u00e3o do im\u00f3vel, respondendo, de forma completa e totalmente personalizada, a todas as necessidades do condom\u00ednio ou do propriet\u00e1rio.<\/p>\n\n                <\/div>\n            <\/div>   \n        <\/div>\n    [vc_row_inner css=&#8221;.vc_custom_1529159823291{padding-bottom: 70px !important;}&#8221;][vc_column_inner width=&#8221;1\/3&#8243;]\n        <div class=\"single-about-box-wrap \">\n            <div class=\"about-box-content\">\n                <div class=\"about-box-top-icon\">\n                    <i class=\"flaticon-custom-layers\"><\/i>\n                <\/div>\n                <h5>Administra\u00e7\u00e3o de Condom\u00ednios<\/h5>\n                <p>Ao contratar o nosso servi\u00e7os de administra\u00e7\u00e3o de condom\u00ednios, tarefas como contrata\u00e7\u00e3o de servi\u00e7os, elabora\u00e7\u00e3o e envio de convocat\u00f3rias, apresenta\u00e7\u00e3o de or\u00e7amentos necess\u00e1rios para realizar atos necess\u00e1rios \u00e0 conserva\u00e7\u00e3o dos bens comuns, e muitas outras mais ficam a nosso encargo.<\/p>\n\n                <a href=\"https:\/\/www.liorgest.pt\/index.php\/adiministracao-condominios\/\" class=\"about-box-link\">\n                    <i class=\"fa fa-angle-right\"><\/i>\n                <\/a>   \n            <\/div>\n        <\/div>\n    [\/vc_column_inner][vc_column_inner width=&#8221;1\/3&#8243;]\n        <div class=\"single-about-box-wrap \">\n            <div class=\"about-box-content\">\n                <div class=\"about-box-top-icon\">\n                    <i class=\"flaticon-sam-pie-chart\"><\/i>\n                <\/div>\n                <h5>Gest\u00e3o de Arrendamento<\/h5>\n                <p>A Liorgest oferece servi\u00e7os de gest\u00e3o de arrendamento de curta e longa dura\u00e7\u00e3o. Nos quais realizamos tarefas para proporcionar o m\u00e1ximo de conforto aos nossos clientes.<\/p>\n\n                <a href=\"https:\/\/www.liorgest.pt\/index.php\/gestao-arrendamentos\/\" class=\"about-box-link\">\n                    <i class=\"fa fa-angle-right\"><\/i>\n                <\/a>   \n            <\/div>\n        <\/div>\n    [\/vc_column_inner][vc_column_inner width=&#8221;1\/3&#8243;]\n        <div class=\"single-about-box-wrap \">\n            <div class=\"about-box-content\">\n                <div class=\"about-box-top-icon\">\n                    <i class=\"flaticon-xzopro-process\"><\/i>\n                <\/div>\n                <h5>Manuten\u00e7\u00e3o e Repara\u00e7\u00e3o<\/h5>\n                <p>Afina\u00e7\u00e3o das molas de compensa\u00e7\u00e3o das portas.<br \/>\nPequenos retoques de pintura.<br \/>\nResolu\u00e7\u00e3o de pequenas anomalias gerais.<br \/>\nSubstitui\u00e7\u00e3o de l\u00e2mpadas.<br \/>\nRepara\u00e7\u00e3o\/substitui\u00e7\u00e3o dos autom\u00e1ticos da escada.<br \/>\nRepara\u00e7\u00e3o\/substitui\u00e7\u00e3o de interruptores<\/p>\n\n                <a href=\"https:\/\/www.liorgest.pt\/index.php\/servicos\/\" class=\"about-box-link\">\n                    <i class=\"fa fa-angle-right\"><\/i>\n                <\/a>   \n            <\/div>\n        <\/div>\n    [\/vc_column_inner][\/vc_row_inner][\/vc_column][\/vc_row][vc_row css=&#8221;.vc_custom_1747735168044{margin-top: -100px !important;padding-top: 92px !important;padding-bottom: 70px !important;}&#8221;][vc_column]\n        <div class=\"section-title-wrapper vc_custom_1747735116635\" style=\"color: #505050\">\n            <div class=\"row text-center\">\n                <div class=\"col-xl-6 offset-xl-3 col-lg-8 offset-lg-2 col-md-10 offset-md-1\">  \n                    <h2 class=\"section-title\" style=\"color:#27325C\">Estamos ao seu dispor<\/h2>\n                    <ul class=\"title-shape no-list-style text-center\">\n                        <li style=\"background: #27325C\"><\/li>\n                        <li style=\"background: #27325C\"><\/li>\n                        <li style=\"background: #27325C\"><\/li>\n                    <\/ul>\n                    <p>Desenvolvemos o nosso trabalho com transpar\u00eancia e compromisso, trazendo solu\u00e7\u00f5es r\u00e1pidas e inteligentes para os problemas do dia a dia do seu condom\u00ednio.<\/p>\n\n                <\/div>\n            <\/div>   \n        <\/div>\n    [\/vc_column][\/vc_row][vc_row][vc_column]\n    \n        <div class=\"xzopro-button-wrapper text-center  vc_custom_1749660233061\">\n            <a href=\"https:\/\/www.liorgest.pt\/index.php\/contactos\/\" id=\"td-btn-383\" class=\"td-btn button-type-fill\">CONTACTE-NOS<\/a>\n        <\/div>\n                    \n        \n        \n        <style>\n            #td-btn-383 {\n                color: #FFFFFF;\n            }\n            \n            #td-btn-383:hover {\n                color: #D8BB6C;\n            }\n                    #td-btn-383.button-type-fill{\n \n                        background: #D8BB6C;\n                        border-color: #D8BB6C;\n                    }\n                    \n                    #td-btn-383.button-type-fill:hover{\n \n                        background: #27325C;\n                        border-color: #27325C;  \n                    }\n                \n        <\/style>\n    [\/vc_column][\/vc_row]<\/p>\n<\/div>","protected":false},"excerpt":{"rendered":"<p>[vc_row equal_height=&#8221;yes&#8221; content_placement=&#8221;middle&#8221; css=&#8221;.vc_custom_1747403158732{margin-top: 70px !important;margin-bottom: 0px !important;padding-top: 0px !important;padding-bottom: 0px !important;}&#8221;][vc_column width=&#8221;1\/2&#8243;][vc_column_text css=&#8221;.vc_custom_1749660707058{margin-bottom: 100px !important;}&#8221;] Com mais de 20 anos de experi\u00eancia A Liorgest presta um servi\u00e7o de qualidade, com efici\u00eancia e discri\u00e7\u00e3o, que proporciona conforto e seguran\u00e7a a todos quantos vivem, trabalham ou frequentam os espa\u00e7os que administramos. Somos uma empresa especializada em [&hellip;]<\/p>\n","protected":false},"author":1,"featured_media":0,"parent":0,"menu_order":0,"comment_status":"closed","ping_status":"closed","template":"","meta":{"footnotes":"","_links_to":"","_links_to_target":""},"class_list":["post-2229","page","type-page","status-publish","hentry"],"_links":{"self":[{"href":"https:\/\/www.liorgest.pt\/index.php\/wp-json\/wp\/v2\/pages\/2229","targetHints":{"allow":["GET"]}}],"collection":[{"href":"https:\/\/www.liorgest.pt\/index.php\/wp-json\/wp\/v2\/pages"}],"about":[{"href":"https:\/\/www.liorgest.pt\/index.php\/wp-json\/wp\/v2\/types\/page"}],"author":[{"embeddable":true,"href":"https:\/\/www.liorgest.pt\/index.php\/wp-json\/wp\/v2\/users\/1"}],"replies":[{"embeddable":true,"href":"https:\/\/www.liorgest.pt\/index.php\/wp-json\/wp\/v2\/comments?post=2229"}],"version-history":[{"count":99,"href":"https:\/\/www.liorgest.pt\/index.php\/wp-json\/wp\/v2\/pages\/2229\/revisions"}],"predecessor-version":[{"id":3459,"href":"https:\/\/www.liorgest.pt\/index.php\/wp-json\/wp\/v2\/pages\/2229\/revisions\/3459"}],"wp:attachment":[{"href":"https:\/\/www.liorgest.pt\/index.php\/wp-json\/wp\/v2\/media?parent=2229"}],"curies":[{"name":"wp","href":"https:\/\/api.w.org\/{rel}","templated":true}]}}